{"id":1516,"date":"2020-06-08T23:48:10","date_gmt":"2020-06-08T23:48:10","guid":{"rendered":"https:\/\/manelfortia.com\/?page_id=1516"},"modified":"2026-02-22T15:02:42","modified_gmt":"2026-02-22T14:02:42","slug":"discografia-completa","status":"publish","type":"page","link":"https:\/\/manelfortia.com\/?page_id=1516&lang=es","title":{"rendered":"Discograf\u00eda Completa"},"content":{"rendered":"\n<h5 class=\"wp-block-heading\"><em>-MANEL FORTI\u00c0 TRIO:<\/em><\/h5>\n\n\n\n<ol id=\"block-280f222a-8202-433c-8204-891f3cce22ff\">\n<li><strong><em>\u00abDespertar\u201d de Manel Fortia Trio (2022 \u2013 Microscopi) <\/em><\/strong><em>with Marco Mezquida &amp; Raphael Pannier.<\/em><\/li>\n<\/ol>\n\n\n\n<h5 class=\"wp-block-heading\"><em>-MANEL FORTI\u00c0 <strong>LIB\u00c9RICA:<\/strong><\/em><\/h5>\n\n\n\n<ol id=\"block-280f222a-8202-433c-8204-891f3cce22ff\">\n<li><em><strong>\u00abAL\u00c9 &#8211; Iberian Chants\u00bb de Lib\u00e9rica (2025 &#8211; Microscopi)<\/strong> with Antonio Lizana, Carles D\u00e9nia, Alba Careta, Pere Martinez, Aina L\u00f3pez, Max Villavecchia, Raphael Pannier &amp; Oriol Roca.<\/em><\/li>\n\n\n\n<li><em><strong>\u00abEl Pardal\u00bb de Lib\u00e9rica feat. Alba Careta (2024 &#8211; Microscopi)<\/strong> with Alba Careta, Pere Martinez, Max Villavecchia &amp; Oriol Roca.<\/em> (SINGLE)<\/li>\n\n\n\n<li><em><strong>\u00abArrels\u00bb de Manel Fortia Lib\u00e9rica feat. Antonio Lizana (2021 &#8211; Microscopi)<\/strong> with Antonio Lizana, Pere Martinez, Max Villavecchia &amp; Raphael Pannier.<\/em><\/li>\n<\/ol>\n\n\n\n<h5 class=\"wp-block-heading\">&#8211;<strong><em>MAGAL\u00cd SARE &amp; MANEL FORTI\u00c0:<\/em><\/strong><\/h5>\n\n\n\n<ol id=\"block-280f222a-8202-433c-8204-891f3cce22ff\">\n<li><strong><em>\u00abRe-tornar\u201d de Magal\u00ed Sare &amp; Manel Forti\u00e0 (2023 \u2013 Microscopi) <\/em><\/strong><em>with David Dom\u00ednguez.<\/em><\/li>\n\n\n\n<li><strong><em>\u00abFang i Nuvols\u201d de Magal\u00ed Sare &amp; Manel Forti\u00e0 (2020 \u2013 Microscopi) <\/em><\/strong>.<\/li>\n<\/ol>\n\n\n\n<h5 class=\"wp-block-heading\">&#8211;<strong><em>DUETS:<\/em><\/strong><\/h5>\n\n\n\n<ol id=\"block-280f222a-8202-433c-8204-891f3cce22ff\">\n<li><strong><em>\u00abMood Indigo, Meu Amor &amp; Ad\u00e9u\u201d de Josep Traver &amp; Manel Forti\u00e0 (2021 \u2013 Temps Record) <\/em><\/strong><em>.<\/em><\/li>\n\n\n\n<li><strong><em>\u00abMy Old Flame\u00bb de Marco Mezquida &amp; Manel Forti\u00e0 (2015)<\/em><\/strong><em> .<\/em><\/li>\n<\/ol>\n\n\n\n<h5 class=\"wp-block-heading\">&#8211;<strong><em>CO-LEADER<\/em><\/strong>:<\/h5>\n\n\n\n<ol id=\"block-280f222a-8202-433c-8204-891f3cce22ff\">\n<li><strong><em>\u00abLive at Milano Jazz Club\u201d de DUMA (2024)<\/em><\/strong><em> <em>Claudio Marrero, Sebasti\u00e1n Dom\u00ednguez &amp; Dani Gonz\u00e1lez.<\/em><\/em><\/li>\n\n\n\n<li><strong><em>\u00abLive at Jamboree\u201d de Bayer\/Forti\u00e0\/Domenech (2019 \u2013 La C\u00fapula Records)<\/em><\/strong><em> with Marcel.l\u00ed Bayer &amp; Oscar Domenech.<\/em><\/li>\n\n\n\n<li><strong><em>\u00abBuler\u00eda Brooklyniana\u201d de Marqu\u00e8s\/Forti\u00e0\/Pannier (2018 \u2013 Jazz Granollers)<\/em><\/strong><em> with Albert Marqu\u00e8s &amp; Raphael Pannier.<\/em><\/li>\n\n\n\n<li><strong><em>\u00abSaca el perro que tiene hambre\u201d de N.O.M. (2018)<\/em><\/strong><em> with N\u00e9stor Gim\u00e9nez &amp; \u00d2scar Dom\u00e8nech.<\/em><\/li>\n\n\n\n<li><strong><em>\u00abFree-Can-Do\u00bb de TAK! (2016 \u2013 FlatTown Records) <\/em><\/strong><em>with Roger Mart\u00ednez, Joan Solana &amp; Marc B\u00f3dalo.<\/em><\/li>\n\n\n\n<li><strong><em>\u00abDeingo\u00bb de DUMA (2014) <\/em><\/strong><em>with Claudio Marrero, Sebasti\u00e1n Dom\u00ednguez &amp; Dani Gonz\u00e1lez.<\/em><\/li>\n\n\n\n<li><strong><em>\u00abTAK!\u00bb de TAK! (2013&nbsp;\u2013 Mans Paideia)&nbsp;<\/em><\/strong><em>with Roger Mart\u00ednez, Juanjo Fern\u00e1ndez &amp; Marc B\u00f3dalo.&nbsp;<\/em><\/li>\n<\/ol>\n\n\n\n<h5 class=\"wp-block-heading p1\"><b><i>-SIDEMAN:<\/i><\/b><\/h5>\n\n\n\n<ol id=\"block-1ff84b8b-7d38-4a63-bd09-f615e1dd0eba\">\n<li><em><strong>\u201cBreaking Bach\u00bb de Marig\u00f3 Trio (2026)<\/strong> with Carles Marig\u00f3 &amp; David Dominguez.<\/em><\/li>\n\n\n\n<li><em><strong>\u201c\u00bb de Roger Martinez (2026)<\/strong> with Max Villavecchia, Andreu Moreno.<\/em><\/li>\n\n\n\n<li><em><strong>\u201c\u00bb de Emilie Calme Trio (2026)<\/strong> with Shai Maestro.<\/em><\/li>\n\n\n\n<li><em><strong>\u201c\u00bb de Antonio Lizana Trio (2026)<\/strong> with Raphael Pannier.<\/em><\/li>\n\n\n\n<li><em><strong>\u201c\u00bb de Agust\u00edn Carbonell \u00abEl Bola\u00bb (2026)<\/strong> with Marc Miralta, feat. Carles Benavent, Duquende, Jorge Pardo, Chano Dom\u00ednguez&#8230;<\/em><\/li>\n\n\n\n<li><em><strong>\u201cTribe Tales\u00bb de Fabio Giachino Trio (2025)<\/strong> with Abril Saur\u00ed.<\/em><\/li>\n\n\n\n<li><em><strong>\u201cFlamenco Vibes\u00bb de Marc Miralta (2025 &#8211; Karonte)<\/strong> with Pau Figueres &amp; Arnau Figueres.<\/em><\/li>\n\n\n\n<li><strong><em>\u201c<\/em><\/strong><strong style=\"font-style: italic;\">Paris-Casablanca-Nova York<strong><em>\u201d <\/em><\/strong>de Carles Cases (2023) <\/strong><i>with <\/i><em style=\"font-style: italic;\">Alberto Reguera<\/em><em>, Sveta Truska &amp; <em>Bratislava Symphonic Orchestra<\/em>. <\/em><\/li>\n\n\n\n<li><strong><em>\u201cPangea\u201d de Adri\u00e1n Royo Trio (2023 \u2013 Errabal Records)<\/em><\/strong><em>&nbsp;with Adri\u00e1n Royo &amp; Gonzalo Del Val.<\/em><\/li>\n\n\n\n<li><strong><em>\u201cEncore\u201d de Sylvie Bourban (2023)<\/em><\/strong><em>&nbsp;with Juan Andr\u00e9s Ospina &amp; Marcelo Woloski.<\/em><\/li>\n\n\n\n<li><strong><em>\u201cAbismes i flors\u201d de Apel.les Carod Quartet (2023 &#8211; Microscopi)<\/em><\/strong><em>&nbsp;with Max Villavecchia &amp; Josep Cordob\u00e9s.<\/em><\/li>\n\n\n\n<li><strong style=\"font-size: 1.125rem;\"><em>\u201cLlampigots i bufarandes\u201d de Smoking Bambino (2023 \u2013 Microscopi)<\/em><\/strong><em style=\"font-size: 1.125rem;\">&nbsp;with Smoking Bambino.<\/em><\/li>\n\n\n\n<li><strong><em>\u201cEst\u00e1ndares\u201d de Chano Dominguez &amp; Antonio Lizana Quartet (2022 \u2013 Altafonte Records)<\/em><\/strong><em>&nbsp;with Chano Dominguez, Antonio Lizana &amp; Marc Miralta.<\/em><\/li>\n\n\n\n<li><em><strong> <strong><em>\u201cTornaviaje\u201d<\/em><\/strong><\/strong><\/em> <em><strong>de Gonzalo Del Val Quartet (2022 &#8211; Errabal Records)<\/strong><\/em> <em>with Raynald Colom &amp; Romain Pilon.<\/em><\/li>\n\n\n\n<li><em><strong> <strong><em>\u201cPindio II\u201d<\/em><\/strong><\/strong><\/em> <em><strong>de Juan Saiz (2022 &#8211; Leo Records)<\/strong><\/em> <em>with Marco Mezquida &amp; Gen\u00eds Bag\u00e8s.<\/em><\/li>\n\n\n\n<li><em style=\"font-size: 1.125rem;\"><strong><strong><em>\u201cFreedom First\u201d<\/em><\/strong><\/strong><\/em><span style=\"font-size: 1.125rem;\"> <\/span><em style=\"font-size: 1.125rem;\"><strong>de Keith Lamar &amp; Albert Marqu\u00e8s (2022)<\/strong><\/em><span style=\"font-size: 1.125rem;\"> <\/span><em style=\"font-size: 1.125rem;\">with Arturo O&#8217;Farrill, Roy Nathanson, Caroline Davis, Milena Casado, Erin Corine, Marc Ayza&#8230;<\/em><\/li>\n\n\n\n<li><em><strong> <strong><em>\u201cOlivos\u201d<\/em><\/strong><\/strong><\/em> <em><strong>de Alejandro Esperanza Trio (2022)<\/strong><\/em> <em>with Marcelo Wolowski.<\/em><\/li>\n\n\n\n<li><em><strong><em>\u201cMoebius\u201d<\/em><\/strong><\/em> <em><strong>de Moebius (2022 &#8211; Barcelona Jazz Collective)<\/strong><\/em> <em>with Gianni Gagliardi, Roberto Nieva &amp; Miguel Benito.<\/em><\/li>\n\n\n\n<li><em><strong><em>\u201c5tet\u201d<\/em><\/strong><\/em> <em><strong>de David Vi\u00f1olas Quintet (2021 &#8211; Microscopi)<\/strong><\/em> <em>with Pol Omedes, Miguel Fernandez, Joan Monne, Rita Pay\u00e9s &amp; David Vi\u00f1olas.<\/em><\/li>\n\n\n\n<li><strong><em>\u201cJazzing 11\u201d de Sant Andreu Jazz Band with Guests (2021 \u2013 Temps Record)<\/em><\/strong><em>&nbsp;SAJB directed by Joan Chamorro with Perico Sambeat, Carlos Martin, Andrea Motis, Joan Mar Sauqu\u00e9&#8230;<\/em><\/li>\n\n\n\n<li><em><strong><em>\u201cRe-Entry\u201d<\/em><\/strong><\/em> <em><strong>de Ted Morcaldi Trio (2021 &#8211; Fourth Moment Records)<\/strong><\/em> <em>with Ted Morcaldi &amp; Buz Donald.<\/em><\/li>\n\n\n\n<li><strong><em>\u201cComposici\u00f3 II\u201d de Alex Cassanyes (2021 \u2013 Underpool)<\/em><\/strong><em>&nbsp;with Marcel.l\u00ed Bayer, Alba Careta, Alba Pujals, Jordi Santanach, Sergi Felipe, Nestor Gimene<\/em>z, Leo Tejedor &amp; Ramon Prats.<\/li>\n\n\n\n<li><strong><em>\u201cA poesia do Sal\u201d de Joao Vieira Group (2021)<\/em><\/strong><em>&nbsp;with Diego Hervalejo &amp; Joao Vieira.<\/em><\/li>\n\n\n\n<li><strong><em>\u201cAlaluz\u201d de Anibal Martinez Trio (2021 \u2013 Nadie Al Volante)<\/em><\/strong><em>&nbsp;with Oriol Roca.<\/em><\/li>\n\n\n\n<li><strong><em>\u201cMagic\u201d de Sergi Sirvent Smooth Trio (2021 \u2013 Selfish Records)<\/em><\/strong><em>&nbsp;with Oscar Domenech.<\/em><\/li>\n\n\n\n<li><em><strong><em>\u201cSonic Matters\u201d<\/em><\/strong><\/em> <em><strong>de Matteo Sacilotto Quintet (2021 &#8211; @)<\/strong><\/em> <em>with Sabina Witt, Xavi Plaza &amp; Santi Colomer.<\/em><\/li>\n\n\n\n<li><strong><em>\u201cMine\u201d de Francisco Palazon Group (2020)<\/em><\/strong><em>&nbsp;with Tom Amat &amp; Adria Claramunt.<\/em><\/li>\n\n\n\n<li><strong><em>\u201cThe Condal Town Quartet\u201d de Mateo Sacilotto (2019)<\/em><\/strong><em>&nbsp;with Xavi Plaza &amp; Santi Colomer.<\/em><\/li>\n\n\n\n<li><strong><em>\u201cLa Mar Fa Riure i Fa Plorar\u201d de Clara Gorrias (2018 \u2013 Aum\u00f3n Records)<\/em><\/strong><em>&nbsp;with \u00d2scar Latorre, Toni Saigi &amp; Andreu Moreno.<\/em><\/li>\n\n\n\n<li><strong><em>\u201cLive at Jamboree\u201d de Wise Connections (2018 \u2013 La C\u00fapula Records)<\/em><\/strong><em>&nbsp;with Joao Silva, Mariano Camarasa &amp; Gabriel Gonzalez.<\/em><\/li>\n\n\n\n<li><strong><em>\u201cLes Cris\u00e0l\u00b7lides\u201d de Sabina Witt (2018 \u2013 ADEM records)<\/em><\/strong><em>&nbsp;with Pau Dom\u00e8nech.<\/em><\/li>\n\n\n\n<li><strong><em>\u201cLive at Jamboree\u201d de Gianni Gagliardi 4tet (2018 \u2013 La C\u00fapula Records)<\/em><\/strong><em>&nbsp;with Gianni Gagliardi, Tom\u00e0s Fosch &amp; Jordi Pallar\u00e8s.<\/em><\/li>\n\n\n\n<li><strong><em>\u201cBeige\u201d de Sergi Sirvent Smooth Trio (2017 \u2013 Selfish Records)<\/em><\/strong><em>&nbsp;with Sergi Sirvent &amp; \u00d2scar Dom\u00e8nech.<\/em><\/li>\n\n\n\n<li><strong><em>\u201cFeeling Bill Evans\u201d de Helena Rosich (2017 \u2013 Temps Record)<\/em><\/strong><em>&nbsp;with Xavi Figuerola, Alex Carbonell &amp; Gonzalo Del Val.<\/em><\/li>\n\n\n\n<li><strong><em>\u201cSol en las Espigas\u201d de Johnny Branchizio (2017).<\/em><\/strong><\/li>\n\n\n\n<li><strong><em>\u201cFrisson Sextet\u201d de Vernau Mier Group (2018 \u2013 Fresh Sound New Talent)<\/em><\/strong><em>&nbsp;with Vernau Mier, Pol Omedes, Albert Carrique, Joan Codina &amp; Andreu Pitarch.<\/em><\/li>\n\n\n\n<li><strong><em>\u201cMoments\u201d de Vilaseca\/Forti\u00e0\/Faenzi Trio (2017 \u2013 Discmedi)<\/em><\/strong><em>&nbsp;with Jaume Vilaseca &amp; Roberto Faenzi, feat. F\u00e9lix Rossy.<\/em><\/li>\n\n\n\n<li><strong><em>\u201cKala\u201d de Nicol\u00e1s Herrera (2017)<\/em><\/strong><em>&nbsp;with Nicol\u00e1s Herrera, Claudio Marrero, Mariano Camarasa &amp; Salvador Toscano.<\/em><\/li>\n\n\n\n<li><strong><em>\u201cMemoria muscular\u201d de Hugo Ar\u00e1n (2017 \u2013 Porcausadela) <\/em><\/strong><em>with Johnny Branchizio, Anatol Eureniuc &amp; Roberto Faenzi<\/em><strong><em>.<\/em><\/strong><\/li>\n\n\n\n<li><strong><em>\u201dCalidoscopic\u201d de Anthus (2016 \u2013 Temps Record) <\/em><\/strong><em>with Pol Padr\u00f3s, Max Villavechia &amp; Ramon D\u00edaz<\/em><strong><em>.<\/em><\/strong><\/li>\n\n\n\n<li><strong><em>\u00abStrange Feather\u00bb de Melissa Bertossi (2016) <\/em><\/strong><em>with Melissa Bertossi, Mariano Camarasa &amp; Joao Vieira<\/em><strong><em>.<\/em><\/strong><\/li>\n\n\n\n<li><strong><em>\u00abSwinger Town\u00bb de Pau Bo\u00efgues Ensemble (2016 \u2013 RGB).&nbsp;<\/em><\/strong><em>with Lucas Mart\u00ednez, Roger Mart\u00ednez, Raul Gallego, Raul Marc Portell, Marc B\u00f3dalo&#8230; <\/em><\/li>\n\n\n\n<li><strong><em>\u00abWise Connections\u00bb de Wise Connections Quartet (2015 \u2013 Records DK) <\/em><\/strong><em>with Joao Silva, Mariano Camarasa &amp; Carlos Falanga<\/em><strong><em>.<\/em><\/strong><\/li>\n\n\n\n<li><strong><em>\u00abUll\u00bb de \u00c0niam (2015).<\/em><\/strong><\/li>\n\n\n\n<li><strong><em>\u00abLive\u00bb de Olivier Jambois Trio (2015) <\/em><\/strong><em>with Olivier Jambois &amp; Ramon Prats<\/em><strong><em>.<\/em><\/strong><\/li>\n\n\n\n<li><strong><em>\u00abNow or Never\u00bb de Izah (2015 \u2013 LRC Records) <\/em><\/strong><em>with Toni Saigi, Roger Mart\u00ednez &amp; Andreu Moreno<\/em><strong><em>.<\/em><\/strong><\/li>\n\n\n\n<li><strong><em>\u00abS\u00f2l de Flabiol\u00bb de JazzCat (2014).<\/em><\/strong><\/li>\n\n\n\n<li><strong><em>\u00abNebuloses d\u2019Azimut\u00bb de Vernau Mier Quintet (2014&nbsp;\u2013 Discmedi) <\/em><\/strong><em>with Vernau Mier, Lucas Mart\u00ednez, Toni Saigi &amp; Marc B\u00f3dalo.<\/em><\/li>\n\n\n\n<li><strong><em>\u00abLa batalla dels dubtes\u00bb de Pulpopop (2013 \u2013 Discmedi).<\/em><\/strong><\/li>\n\n\n\n<li><strong><em>\u00abCuit!\u00bb De Pulpopop (2011&nbsp;\u2013 Discmedi).<\/em><\/strong><\/li>\n\n\n\n<li><strong><em>\u00abPre-Cuit!\u00bb de Pulpopop (2011 \u2013 Discmedi).<\/em><\/strong><\/li>\n\n\n\n<li><strong><em>\u00abRacons\u00bb de Kibo (2010 \u2013 M\u00fasica Global) <\/em><\/strong><em>with Alfred Tapscott, Marta Roma &amp; Santi Serratosa.<\/em><\/li>\n\n\n\n<li><strong><em>\u00abEn el Temple del Vent\u00bb de Joanjo Bosk (2009 \u2013 M\u00fasica Intuitiva) <\/em><\/strong><em>with Ignasi Bosch, Santi Escura &amp; Toni Gadea<\/em><strong><em>.<\/em><\/strong><\/li>\n<\/ol>\n\n\n\n<h5 class=\"wp-block-heading p1\"><b><i>-COLABORATIONS:<\/i><\/b><\/h5>\n\n\n\n<ol>\n<li><b><i>\u201cDescasada\u201d de Magal\u00ed Sare (2026)<\/i><\/b>.<\/li>\n\n\n\n<li><b><i>\u201c\u201d de Indialucia (2025)<\/i>. <\/b><em>with Miguel Czachowski<\/em>.<\/li>\n\n\n\n<li><b><i>\u201cEsponja\u201d de Magal\u00ed Sare (2022 \u2013 Microscopi)<\/i><\/b><i>&nbsp;feat. Salvador Sobral.<\/i> (track 4)<\/li>\n\n\n\n<li><b><i>\u201cRetrato\u201d de Jorge Abad\u00edas (2019 \u2013 Underpool)<\/i><\/b><i>&nbsp;with Sergi Felipe, \u00d2scar Dom\u00e8nech, JP Balc\u00e1zar &amp; Pintxo Villar<\/i>. (track 6)<\/li>\n\n\n\n<li><em><strong>\u00abCan\u00e7ons d&#8217;amor i dimonis\u00bb de Magal\u00ed Sare (2018 <em>\u2013<\/em>&nbsp;S<em>E<\/em>).<\/strong><\/em> (track 12)<\/li>\n\n\n\n<li><em><strong>\u00abPrimera Temporada\u00bb de Zahara (2018 <em>\u2013 EP<\/em>).<\/strong><\/em> (track 1)<\/li>\n\n\n\n<li><strong><em>\u00abFelicitat M\u00e0xima\u00bb de Pulpopop (2015 \u2013 Discmedi).<\/em><\/strong> (track 6)<\/li>\n\n\n\n<li><strong><em>\u00abMindland\u00bb de Izah + RCA Flacos (2014 \u2013 LRC Records).<\/em><\/strong> (track 2)<\/li>\n\n\n\n<li><strong><em>\u00abPeriferia\u00bb de Periferia (2014).<\/em><\/strong><\/li>\n\n\n\n<li><strong><em>\u00abJazz Session Experience # 1\u00bb de Astrocatz (2012)<\/em><\/strong><em>&nbsp;with Roger Mart\u00ednez, Toni Saigi &amp; Andreu Moreno.<\/em><\/li>\n\n\n\n<li><strong><em>\u00abCacao\u00bb de RCA Flacos y el Punto (2011) <\/em><\/strong><em>with Roger Mart\u00ednez, Toni Saigi &amp; Andreu Moreno.<\/em><\/li>\n<\/ol>\n\n\n\n<h5 class=\"wp-block-heading p1\"><b><i>-VVAA:<\/i><\/b><\/h5>\n\n\n\n<ol>\n<li><b><i>\u00abVersions Hal\u00f2genes &#8211; el Pop d&#8217;Antonia Font\u00bb amb Pulpopop (2011 \u2013 Discmedi).<\/i><\/b><\/li>\n\n\n\n<li><strong><em>\u00abPeque\u00f1o gran hombre\u00bb amb Joanjo Bosk (2008 \u2013 BunburyClub).<\/em><\/strong><\/li>\n<\/ol>\n\n\n\n<h5 class=\"wp-block-heading p1\"><b>&nbsp;<i>-AUDIOVISUALS:<\/i><\/b><\/h5>\n\n\n\n<ol>\n<li><strong><em>\u00ab<\/em><\/strong><em><strong>Tre Ciotole\u00bb<\/strong> <strong>dirigida per Isabel Coixet; <\/strong>m\u00fasica original de Alfonso Vilallonga (2025).<\/em><\/li>\n\n\n\n<li><strong><em>\u00abTEMPO\u00bb  <\/em><\/strong><em><strong>dirigit per<\/strong><\/em><em><strong> Toni Mira; <\/strong>m\u00fasica original de Max Villavecchia (2024).<\/em><\/li>\n\n\n\n<li><strong><em>\u00abDocumental: Felipe 82\u00bb  <\/em><\/strong><em><strong>dirigit per Fernando Trueba; <\/strong>m\u00fasica original de Ni\u00f1o Josele (2023)&nbsp;with Ni\u00f1o Josele &amp; Raynald Colom.<\/em><\/li>\n\n\n\n<li><strong><em>\u00abEl Combat del Segle\u00bb dirigit per Denise Duncan; <\/em><\/strong><em>m\u00fasica original de Marco Mezquida (2020)&nbsp;with Marco Mezquida &amp; Carlos Falanga.<\/em><\/li>\n\n\n\n<li><strong><em>\u00abEl curi\u00f3s incident del gos a mitjanit\u00bb dirigit per Julio Manrique; <\/em><\/strong><em>m\u00fasica original de Marco Mezquida (2015)&nbsp;with Marco Mezquida, Carola Ortiz &amp; Carlos Falanga.<\/em><\/li>\n\n\n\n<li><strong><em>\u00abDani Jarque, l\u2019etern capit\u00e0\u00bb dirigit per Carles S\u00e1nchez-Llibre (Bakery Group); <\/em><\/strong><em>m\u00fasica original de Camilo Motta (2013) with Andr\u00e9s Acebes, Cristian Hern\u00e1ndez &amp; Fidel Minda<\/em>.<\/li>\n<\/ol>\n","protected":false},"excerpt":{"rendered":"<p>-MANEL FORTI\u00c0 TRIO: -MANEL FORTI\u00c0 LIB\u00c9RICA: &#8211;MAGAL\u00cd SARE &amp; MANEL FORTI\u00c0: &#8211;DUETS: &#8211;CO-LEADER: -SIDEMAN: -COLABORATIONS: -VVAA: &nbsp;-AUDIOVISUALS:<\/p>\n","protected":false},"author":1,"featured_media":0,"parent":0,"menu_order":0,"comment_status":"closed","ping_status":"closed","template":"","meta":{"footnotes":"","_vp_format_video_url":"","_vp_image_focal_point":[]},"aioseo_notices":[],"_links":{"self":[{"href":"https:\/\/manelfortia.com\/index.php?rest_route=\/wp\/v2\/pages\/1516"}],"collection":[{"href":"https:\/\/manelfortia.com\/index.php?rest_route=\/wp\/v2\/pages"}],"about":[{"href":"https:\/\/manelfortia.com\/index.php?rest_route=\/wp\/v2\/types\/page"}],"author":[{"embeddable":true,"href":"https:\/\/manelfortia.com\/index.php?rest_route=\/wp\/v2\/users\/1"}],"replies":[{"embeddable":true,"href":"https:\/\/manelfortia.com\/index.php?rest_route=%2Fwp%2Fv2%2Fcomments&post=1516"}],"version-history":[{"count":27,"href":"https:\/\/manelfortia.com\/index.php?rest_route=\/wp\/v2\/pages\/1516\/revisions"}],"predecessor-version":[{"id":5717,"href":"https:\/\/manelfortia.com\/index.php?rest_route=\/wp\/v2\/pages\/1516\/revisions\/5717"}],"wp:attachment":[{"href":"https:\/\/manelfortia.com\/index.php?rest_route=%2Fwp%2Fv2%2Fmedia&parent=1516"}],"curies":[{"name":"wp","href":"https:\/\/api.w.org\/{rel}","templated":true}]}}